at are the prime factors of r?
41
Let h = -126 - -182. Suppose -5*f + 17 = r - h, 12 = 4*r. What are the prime factors of -16*(f/(-8) - -1)?
2, 3
Let o be 0/(-1)*1/3. Suppose -j = q - 1, -q + o = 2*j - 4. Suppose 2*r + 7 = j*r. List the prime factors of r.
7
Let q = -6 + 2. Let m = q + -2. List the prime factors of (-3)/m*-2 - -5.
2
Let b be 3 + -2 - -1*3. List the prime factors of b/(-22) + (-1548)/(-44).
5, 7
Suppose -3*l + 12 = 2*c - l, 0 = 2*c + 4*l - 8. Suppose 0 = -4*g + c*g - 72. What are the prime factors of g?
2, 3
Let h(w) = 0 + 10 + 0 + w + 3. What are the prime factors of h(-6)?
7
Let w = 0 + 3. Suppose 0 = 3*l - 2*c - 11, l = -2*c + 6*c - w. List the prime factors of 5/(l/4 + -1).
2, 5
Suppose 0 = -5*n + 3*s + 34, 5*s - 4*s = -3. Let m be (-1 + -1)/(-2) + 23. Suppose -n*i = -11 - m. List the prime factors of i.
7
Let m(r) = -r**3 + 4*r**2 + 6*r + 3. Let c be m(5). Let o(l) be the third derivative of l**5/60 - l**4/4 - l**3 + 5*l**2. List the prime factors of o(c).
2, 5
Let v = -3 - -5. Suppose -34 = -5*h + 2*x, -5*x = h + 2 + v. What are the prime factors of 3 - (1 + h/(-2))?
5
Let j(s) = -s**2 - 4*s - 1. Let y(a) = a**2 + 2*a**2 - 5*a**2 + 1 + 2*a**3. Let b be y(-1). List the prime factors of j(b).
2
Let m(o) = o + 3. Let w be m(0). Suppose -t + 4*t = 12. Suppose -w*l = -l - 5*h - 16, -l - 5 = t*h. What are the prime factors of l?
3
Let b(g) = -3*g - 20. What are the prime factors of b(-14)?
2, 11
Suppose -2*a + 36 = -5*q, -4 = -2*a + 3*a + 3*q. Let f = 6 + a. What are the prime factors of f?
2, 7
Suppose 3*c + 9 = -6. Let b = -5 - c. Let d = 2 + b. List the prime factors of d.
2
Let l(s) = -s**3 + 6*s**2 + 9*s - 8. Let o = 7 - 0. Let d be l(o). What are the prime factors of (76/(-12))/((-2)/d)?
19
Let c = 63 + -34. Suppose -4*o - c = -85. List the prime factors of o.
2, 7
What are the prime factors of 1*2/1 + 43?
3, 5
Let u(p) be the second derivative of p**4/12 + 11*p**3/6 + 9*p**2/2 - 3*p. List the prime factors of u(-11).
3
Let t(s) = 11*s - 43. List the prime factors of t(13).
2, 5
Suppose -3*s + 48 = -6*s. Let l = s - -22. What are the prime factors of l?
2, 3
Let q(k) = k**2 - 2*k + 2. Suppose 3*s = 5*i + 34, -2 = -4*i - 22. List the prime factors of q(s).
5
Suppose 2*n - 76 = -4*c, -4*c + 5*c = -2*n + 25. List the prime factors of c.
17
Let t(g) = 3*g - 8. Suppose -3*j = -j - 5*b - 4, -j = 2*b - 11. What are the prime factors of t(j)?
13
Let b(c) = -c + 4. Let x(g) = -g**2 + 6*g - 2. Let d be x(7). Let f(j) = j - 4. Let t be f(d). List the prime factors of b(t).
17
Suppose -f = -0*f - 95. List the prime factors of f.
5, 19
What are the prime factors of (-624)/12*(-3)/4?
3, 13
Suppose 7*f = 2*f + 1010. List the prime factors of f.
2, 101
List the prime factors of (33/9)/((-1)/(-6)).
2, 11
Suppose 2*f = 16 - 2. Let l = f + -7. Suppose 4*n + l*n = 32. List the prime factors of n.
2
Let g(x) be the first derivative of x**4/4 - 3*x**3 + x**2/2 - 2*x - 4. What are the prime factors of g(9)?
7
Suppose -113 = -u - z, u + 3*u + 3*z = 454. Suppose -u + 319 = 4*t. What are the prime factors of t?
3, 17
Let s(t) = 5*t + 193. What are the prime factors of s(0)?
193
Let q(f) = f**3 - 8*f**2 + 2*f - 9. Let z be q(8). Let o = -3 + z. Suppose 26 = 2*g - o. List the prime factors of g.
3, 5
Let x = -8 + 13. Suppose x = a - 7. What are the prime factors of a?
2, 3
Let s(f) = -2*f + 6. Let r be s(7). Let t be ((-15)/(-10))/(2/r). List the prime factors of (-74)/t + (-4)/12.
2, 3
Let d = 21 - 6. Suppose -4*l + 9 = r, -4*r - 5 = -l - 24. Suppose g - 4*b - d = -2*b, -r*g - 3*b = -101. List the prime factors of g.
19
Suppose -7 = -5*f + 38. Let u be 1*-2 - (-1 - -2). Let l = u + f. List the prime factors of l.
2, 3
Let z(w) be the first derivative of w**3/6 - w**2 + w + 2. Let r(m) be the first derivative of z(m). What are the prime factors of r(9)?
7
Let y = 159 - 86. What are the prime factors of y?
73
Suppose -8 = 2*v - 50. Suppose v = -4*n + 193. What are the prime factors of n?
43
Let f = 18 - -32. List the prime factors of f.
2, 5
Suppose t + r = 268, 0 = 5*t - 2*t + r - 796. List the prime factors of t.
2, 3, 11
List the prime factors of (5/(-3))/((-5)/15).
5
Let k = 7 - 4. What are the prime factors of k/(9/(-456)*-4)?
2, 19
Suppose -7*n = -3*n - p + 17, -n + 2*p - 13 = 0. Let w be 34/12 - (-4)/24. Let g = w - n. List the prime factors of g.
2, 3
What are the prime factors of 59/(-2)*-5*(-16)/(-8)?
5, 59
Suppose 3*f - 5*f = -86. Suppose 5*u + 135 = -5*a, -a - 2*u + 39 = -2*a. Let i = f + a. List the prime factors of i.
2, 3
Let s(x) = x**2 - x - 4. Suppose 3*a + 0*a = -15. What are the prime factors of s(a)?
2, 13
What are the prime factors of 138/5 - (-1)/((-10)/6)?
3
Let n(x) = x**3 - x**2 - 5*x + 2. Let a be n(3). Let y(m) = 3*m - 4. List the prime factors of y(a).
11
Suppose -91 = -2*t + s, -3*t + s = -73 - 64. List the prime factors of t.
2, 23
Let s(j) = -j**2 - 5*j - 2. Let a be (-5)/10*(6 - 0). Let o be s(a). Suppose -69 = -o*h - 21. List the prime factors of h.
2, 3
What are the prime factors of 384/10 + 6/10?
3, 13
Suppose -3*i + 33 = -4*c, -44 = 5*c - 3*i + 2*i. Let x = 31 + c. What are the prime factors of x?
2, 11
Let k = -4 + 8. Let r = 10 - k. List the prime factors of (4/r)/(4/42).
7
Let c(d) be the first derivative of d**4/12 + 7*d**3/6 + 3*d**2 + d + 1. Let u(r) be the first derivative of c(r). What are the prime factors of u(-7)?
2, 3
Let s = -4 - 27. Let r = s + 59. What are the prime factors of r?
2, 7
Suppose 33 = -3*n + 4*c, -2*n + 3*c = -6 + 29. Let v = n + 13. What are the prime factors of v?
2, 3
Suppose -3*y + 4 = -2. Let t = y + -2. Let k(r) = r**2 - r + 20. List the prime factors of k(t).
2, 5
Suppose v - 4*v = a - 135, 0 = v + 3*a - 45. List the prime factors of v.
3, 5
Suppose 10 = -4*g + 2. Let j = g + 16. List the prime factors of j.
2, 7
Let o(s) = 0*s**3 + 15 - 13*s**2 - 6*s - 6*s - s**3. Let r(f) = f**3 - 13*f**2 - 12. Let q be r(13). What are the prime factors of o(q)?
3, 5
Let x be (1 - -2) + (0 - 25). Let v = x + 36. What are the prime factors of v?
2, 7
Suppose -2*j + 9 + 11 = 0. Suppose -4*l = -5*o - j, -5*l - 3*o + 23 = -4*o. List the prime factors of l.
5
Suppose 4 = o + 3*o. Let b(z) = -35*z**3 - 1. Let v be b(o). Let k = v + 51. List the prime factors of k.
3, 5
Let f(w) = w - 5. Let u be f(5). Suppose u = t - 19 + 2. List the prime factors of t.
17
Let b be (-50)/4*12/(-5). Suppose -15 = -5*k, -5*k + 8 = d - b. What are the prime factors of d?
23
Let i(j) = -2*j**3 - 2*j**2 + 4*j + 4. Let k be i(-2). Suppose q - 97 = -3*n, -5*n + 167 = -k*q + 3*q. List the prime factors of n.
3, 11
Suppose 5*q = -5*k + 10, -10 = 3*k + k - 5*q. Suppose 2*h - c = c, k = 2*c - 4. Suppose 4*n + 7 = 2*s - 5, -h*s = -n - 12. List the prime factors of s.
2, 3
Let q(r) = r**2 - r - 2. Let i(m) = 3*m + 1. Let p = -1 + 0. Let c be i(p). What are the prime factors of q(c)?
2
What are the prime factors of (-1 + 0)*(-182 + 4 - 0)?
2, 89
Let n(j) be the third derivative of -j**6/120 + j**5/10 + 3*j**4/8 - 5*j**3/3 - 3*j**2. Let b be (-14)/8*(-2 - 2). What are the prime factors of n(b)?
2
Let m = 17 - -6. What are the prime factors of m?
23
Suppose 0 = -2*j + 4*z + 12, 3*j - 4*z = -5 + 21. Suppose -3*b - j*h + 58 = 0, -b - 5*h + 12 = -0*h. What are the prime factors of b?
2, 11
Let u(v) = v**2 - 8. Suppose 4*j - 2*t - 12 - 8 = 0, t - 2 = 0. What are the prime factors of u(j)?
2, 7
Suppose -o - 2*o = -12. Suppose o*l = s - 5, 0*l + 70 = -5*s + l. List the prime factors of (-65)/s - (-1)/(-3).
2
Let m be (-1)/(0 + -1) - 1. Let b be (3 - (9 + -4))*-2. Suppose m + b = 2*z. List the prime factors of z.
2
Let t(p) = 4*p + 1 - 2*p + 3 + 2*p**2 - p**2. Let z be t(-4). Suppose -3*q = q - z. List the prime factors of q.
3
Suppose -2*b = 4 - 8. Let d = b + 5. What are the prime factors of d?
7
Suppose 6*c - 8 = 4*c. Suppose c*q - 2*g - 68 = 2*g, -g = -4*q + 59. List the prime factors of q.
2, 7
Let f = 32 - -12. List the prime factors of f.
2, 11
Suppose 8 = 2*g - 8. Let q = g - 3. Suppose 73 = q*i + 28. List the prime factors of i.
3
What are the prime factors of 145*(1 + 1 + 21/(-15))?
3, 29
Let u = 0 - -3. Suppose x = -3*x - 3*l + 6, -5*x + u*l = -21. Suppose p - 11 = -a + x*a, 0 = -3*p - a + 33. List the prime factors of p.
1